8
Let h(f) = f**3 - f**2. Let y be h(2). Suppose 2*l + 6*a - 111 = 3*a, -y*a + 43 = l. Calculate the highest common divisor of l and 42.
21
Let l = 38 + -92. Let q = -9 - l. Calculate the highest common divisor of q and 15.
15
Suppose i = -i + 6. Suppose -8 = 2*c, -3*k = i*c + 11 - 47. Calculate the greatest common divisor of k and 1.
1
Suppose -506 = -7*a - 170. Suppose 0 = -2*p - 5*r + 20, -2*r - a = -2*p - 0*p. Calculate the highest common divisor of p and 70.
10
Let z(g) = g**3 - 13*g**2 + 13*g - 8. Let x be z(12). Suppose x*p - 8 = 0, -4*c = p - 4*p - 102. What is the highest common factor of c and 3?
3
Let q(r) = -r**3 + 3*r**2 + r + 1. Suppose -2*n = -7*n - 25. Let g = 7 + n. Let o be q(g). Calculate the highest common divisor of o and 56.
7
Let n be ((-3705)/855)/(1/(-438)*2). Calculate the highest common divisor of n and 13.
13
Suppose -7*l - 202 - 99 = 0. Let g = 65 - l. What is the highest common divisor of 72 and g?
36
Let i = 7 + -2. Suppose i = -3*g - 10. Let b be (-546)/(-35) + 3/g. What is the highest common divisor of 10 and b?
5
Let g(j) = 2*j**2 - j + 14. Let f(c) = 5*c**2 - c + 27. Let r(v) = -3*f(v) + 7*g(v). Let u be r(-5). What is the greatest common factor of 204 and u?
12
Let g(t) = -t**3 - 16*t**2 + 16*t - 24. Let n be g(-17). Let u(i) = i**2 + 5*i + 13. Let a be u(n). Calculate the greatest common divisor of a and 27.
27
Suppose -11*s + 9 = -46. Let j be 17 + s*(-8)/(-20). Calculate the highest common factor of j and 57.
19
Suppose w - 27 = 18. Suppose 2*i - 12 = 6. Calculate the greatest common divisor of i and w.
9
Suppose -2*t + 4*n = -28, 2*n + 16 - 98 = -5*t. Let h be (1 + -97)/((-33)/44). What is the greatest common factor of h and t?
16
Let b be 631/5 + 54/(-270). What is the highest common divisor of b and 153?
9
Suppose 15 = -5*s, 5*y - 4*y = -s + 8. What is the greatest common factor of y and 2?
1
Let d be ((-322)/184)/(1 - 10/8). Suppose 3*w + 38 = 4*s, w + w = s - d. Calculate the highest common divisor of 88 and s.
11
Suppose -p - 4080 = -11*p. Calculate the highest common factor of 68 and p.
68
Let a(j) = 10*j**2 - j. Suppose 8 = 4*f + 3*s, -3*s - 3 = -5*f - 5*s. Let o be a(f). What is the highest common factor of o and 1?
1
Suppose 82 + 68 = -3*z. Let l = -17 - z. What is the highest common divisor of l and 66?
33
Let b(p) be the third derivative of -p**4/12 - 13*p**3/6 + 5*p**2. Let r be b(-9). Suppose 0 = -2*z + 1 + r. Calculate the greatest common factor of z and 6.
3
Let b = 38 + -33. Suppose w + b*w = -336. Let v be 2/7 + (-544)/w. What is the greatest common factor of 4 and v?
2
Let j be (3/10)/(-1) - 7771821/(-5570). Calculate the highest common factor of j and 45.
45
Let u = -331 + 397. What is the highest common divisor of 352 and u?
22
Let y(c) = -4*c - 14. Let h be y(-8). Let v(k) = k**3 + 10*k**2 + 0 + 5 + 11*k + 0. Let p be v(-8). What is the greatest common factor of p and h?
9
Suppose 0 = 15*h + 858 - 2958. Let t be (4/(-2))/(-2) - -2. Suppose -f = -t*f - 3*j + 52, 5*f = -2*j + 108. Calculate the greatest common factor of h and f.
20
Let u(h) = 18*h**2 + 44*h + 2. Let w be u(-3). Calculate the highest common factor of w and 352.
32
Let l be 2 + -2 + 0 + 55. Calculate the highest common factor of 440 and l.
55
Let t be (-10 + 4)/((-6)/4). Suppose 8*g - 2*s - 20 = 5*g, 5*g - 2*s - 32 = 0. What is the greatest common factor of t and g?
2
Let p = 609 - 150. Suppose -2*t + 0*q = -q - p, 216 = t - 5*q. Calculate the highest common divisor of t and 21.
21
Suppose 5*v - m = 2, -3*v + 3 = -m + 1. Suppose -7*n + 3*n + 24 = v. Suppose -n*w + 21 = -5*w. Calculate the greatest common divisor of w and 7.
7
Let d be ((-5)/3)/(2/(-6)). Let a(h) = 2*h + 3. Let f(x) = 3*x + 5. Let z(w) = d*f(w) - 8*a(w). Let i be z(-5). What is the highest common factor of 3 and i?
3
Let s be -44*((-270)/8)/9. What is the highest common divisor of 176 and s?
11
Let t be ((15/2)/5)/((-15)/(-310)). Suppose -2*y + 5*m + 181 = y, m = 1. Calculate the highest common divisor of t and y.
31
Suppose -30 = 52*f - 57*f. Suppose 94 + 32 = f*p. What is the highest common divisor of 168 and p?
21
Let m = 562 + -239. What is the highest common factor of 17 and m?
17
Let d be (2/(-6))/((-9)/(-27)) + 691. Suppose -17*c = -d + 10. Calculate the highest common factor of c and 8.
8
Suppose -300*f = -301*f + 8. Calculate the highest common factor of f and 10.
2
Let j be ((-12)/3)/((-2)/16). Let s = -23 + j. What is the greatest common factor of s and 99?
9
Suppose 0 = o - 2*o + 2. Suppose 0 = -3*s - 3*t + 21, 2*s - o*t + 6 = 3*s. Let n = s - 5. What is the greatest common factor of n and 3?
3
Suppose -8*h + 4*h = 32. Let w be (-4)/(h/94) + 4. What is the highest common factor of w and 34?
17
Suppose 6 = -2*i + 16. Suppose 0 = -i*u + 4*u. Let s be (16 - 6)*(u + 8). Calculate the highest common factor of 16 and s.
16
Let z = 127 - 64. Calculate the greatest common factor of z and 14.
7
Let s(q) = q**3 - 6*q**2 - 8*q + 1. Let m be s(7). Let o be (1 - 0) + m/(-6). Suppose -3*r = -o*r - 32. Calculate the highest common factor of 16 and r.
16
Let p be (-34 + -1)*(-8)/5. Suppose -5*k - 17 - p = -4*h, -5*h - 2*k + 50 = 0. Let g = 124 + -121. Calculate the highest common divisor of h and g.
3
Let r be 4/(4/25) - 1. Suppose -83 + 113 = 10*l. Calculate the highest common divisor of l and r.
3
Suppose 7*m - 480 = -5*m. What is the highest common divisor of 180 and m?
20
Suppose -2*l + 104 = -3*l. Let v be l/(-39) + 1/3. Suppose 4*b + v*k = 14 + 8, -10 = 5*k. What is the greatest common divisor of 14 and b?
7
Suppose -3*f + 6*f = 5*z + 26, 5*z = -5. Suppose -u + 0*b - 3 = -5*b, 4*u - 4*b = 20. What is the greatest common factor of f and u?
7
Suppose -5*o + 25 = 0, -2*o = 5*u - 15 - 5. Suppose i - 49 = -2*i - 2*p, -2*i - u*p = -32. What is the highest common divisor of 17 and i?
17
Suppose 0 = -5*f + 32 + 13. Let d(w) be the first derivative of w**3/3 - 3*w**2 - 12*w + 4. Let m be d(f). What is the greatest common factor of 105 and m?
15
Let p = 970 - 931. Calculate the highest common divisor of 1443 and p.
39
Let j(f) = 89*f**3 - 3*f**2 - 3*f - 1. Let d be j(-1). Let r = d - -150. Calculate the greatest common divisor of 12 and r.
12
Let s(a) = 3*a - 21. Let i be s(8). Let u be (45/i)/((-15)/(-110)). What is the highest common factor of u and 22?
22
Suppose 4*n - 69 - 51 = 0. Suppose -5460 = -8*b - 18*b. What is the greatest common divisor of b and n?
30
Let w(n) = 18*n + 222. Let c be w(-9). What is the greatest common divisor of c and 45?
15
Suppose 0 = 5*a, -4*a = -14*m + 19*m - 85. What is the highest common divisor of 663 and m?
17
Suppose -2*q - i = -136, 3*i - 4*i - 2 = 0. Let v = q + -40. Let t = -10 + v. What is the highest common divisor of 38 and t?
19
Suppose -4 = 3*n - 13. Suppose -5*f + 237 = -n. Suppose -50 = -3*u - z, -2*z - 3*z + 10 = 0. What is the highest common divisor of f and u?
16
Let l be (-210)/(-20)*(-88)/(-6). Let g = -12 - -26. Calculate the highest common divisor of l and g.
14
Let p(c) = c**2 + 7*c + 1. Let y be p(-5). Let n be y/(-6)*40/6. Calculate the highest common factor of n and 70.
10
Suppose 4*p - 5*t - 273 = 0, -3*t - 40 = -p + 30. What is the highest common factor of p and 1?
1
Let l(m) = m**2 + 7*m. Let g be l(-4). Let z be (-6 - 1)*12/g. What is the greatest common factor of 14 and z?
7
Let u be 1/(-6) - 2/12*-193. Suppose 38 = u*r - 30*r. What is the highest common divisor of r and 76?
19
Suppose -146 = -2*h + 3*c - 16, c - 60 = -h. Let t = 81 - h. Calculate the greatest common divisor of t and 19.
19
Suppose 4*j - 4 - 36 = 0. Suppose -2*v + j = 3*a, 2*a = -4*v + 6*a. Let w be (2 - v)/4 - -28. What is the greatest common factor of w and 4?
4
Let m = -45 - -24. Let z = -70 - m. Let t = z + 137. What is the highest common divisor of 8 and t?
8
Let p be 28 + 3*(-4)/6. Let t be (-1)/4 - 2198/(-56). Calculate the greatest common factor of p and t.
13
Suppose 0 = -6*i + 701 - 197. What is the highest common divisor of i and 21?
21
Let b be (10/(-15))/((-1)/183). Let k = b + -62. What is the greatest common divisor of k and 45?
15
Let o be (-1)/5 + (-4)/(-20). Suppose o = 4*r - 59 - 5. Suppose c = -5*x + 22, -3*c - 3*x + 119 = 29. Calculate the greatest common divisor of r and c.
16
Suppose 5*z + 29 = 79. Suppose 